?
8
Let w(t) = 16*t**2 + 2*t - 1. Suppose 2*b - 4 + 2 = 0. Calculate the remainder when 32 is divided by w(b).
15
Let y(l) = 0*l - 2*l - 2*l**2 + 5*l**2 - l**3. Let x be y(2). Suppose 4*k + u = 34, x*k + 30 = 4*k - u. What is the remainder when 29 is divided by k?
5
Let a = 3 - 0. Suppose 0 = -4*n + 2*w + 152, -n = -4*n - a*w + 132. Suppose 0 = -2*g + 5*g - 42. Calculate the remainder when n is divided by g.
12
Let v(j) = -j + 1. Let h(f) = -11*f + 6. Let t(a) = h(a) - 5*v(a). Calculate the remainder when 13 is divided by t(-1).
6
Suppose -18*s + 13*s + 45 = 0. What is the remainder when 21 is divided by s?
3
Suppose 0*o + 7*o - 84 = 0. What is the remainder when 45 is divided by o?
9
Let x = 11 - 3. Suppose 0 = 2*k - 3*t, -t + 4 = t. Calculate the remainder when x is divided by k.
2
Let f be (3 - 2)/((-1)/25). Let w = 59 + f. What is the remainder when w is divided by 12?
10
Suppose -3*c + 0 = 6. Let s be 5/((-15)/6) + c. Calculate the remainder when 29 is divided by (-29 - 1)*2/s.
14
Suppose 8*j - 4*j - 24 = 0. Let a = 66 - 56. Calculate the remainder when a is divided by j.
4
Let g = -155 + 229. Suppose k + k = g. Suppose -2*a = -2*q - 24, 5*a - 15 - 47 = 3*q. Calculate the remainder when k is divided by a.
11
Let j be -2*((-6)/4 - 0). Suppose j*l + 64 = -5*h, -2*h = -9 + 1. Let r = -19 - l. What is the remainder when 26 is divided by r?
8
Suppose -2*u + 3 = -3. Suppose -u*g + i = -82, -2*i = 2*g - 24 - 36. Calculate the remainder when g is divided by 10.
8
Suppose 3*u - 2*u = 6. Let t be (-1)/(-5) + 612/15. Let z = t + -24. Calculate the remainder when z is divided by u.
5
Suppose 14 = -3*c + 5*c. Let h be 1844/14 + 2/c. Suppose -h = -6*z + 3*z. Calculate the remainder when z is divided by 23.
21
Let s(i) = -2*i - 8. Let b be s(-10). Let p = b + -1. Suppose -31 = -5*x + 4*x. Calculate the remainder when x is divided by p.
9
Let j = -8 - -12. Suppose 0*v - v = -j. What is the remainder when 5 is divided by v?
1
Let n(t) = 3*t - 1. Let l be n(1). Suppose 44 = 2*j + l*j. What is the remainder when 32 is divided by j?
10
Let p = -18 - -26. Calculate the remainder when (8/(-2) - -34) + 10/(-5) is divided by p.
4
Suppose 6*b = 2*b + 28. Suppose -b*k = -3*k - 64. What is the remainder when k is divided by 9?
7
Calculate the remainder when 24/(-40) - 156/(-10) is divided by 6.
3
Let k = 39 - 24. Suppose 4*n - 940 = -n. Suppose -5*v = -97 - n. Calculate the remainder when v is divided by k.
12
What is the remainder when (0 - -1)/((-1)/(-17)) is divided by 0 - (-5 + 0 + 0)?
2
Let n be (-1 - 1/(-1))/1. Suppose n*f = f. Suppose 4*g = -f*g + 96. What is the remainder when g is divided by 13?
11
Let s(a) = -4*a - 16. Calculate the remainder when 57 is divided by s(-9).
17
Let t(o) = o + 14. What is the remainder when t(9) is divided by 13?
10
Let u(p) = 2*p**2 + 2*p + 11. Suppose -3*m + 24 = -3*z, 7 = -4*z - 1. Calculate the remainder when u(0) is divided by m.
5
What is the remainder when (-413)/(-4) + (-13)/52 is divided by 18?
13
Let u(d) = d**3 - 7*d**2 + 2*d + 3. What is the remainder when u(7) is divided by 9?
8
Suppose 2*z + 26 = 2. Let d = z - -33. Let q = d - 15. Calculate the remainder when 21 is divided by q.
3
Suppose 3*b - 12 = -3. Suppose -3*p - 7 + 33 = 2*i, b*p = 3*i + 6. What is the remainder when 23 is divided by p?
5
Let g = 1 + 14. What is the remainder when 59 is divided by g?
14
Let q(i) = i**2 - i + 2. Let o = -3 - -5. Suppose o*n - 15 = -n. Calculate the remainder when q(4) is divided by n.
4
Suppose -2*x + 24 = -2. Suppose -8*y + x*y = 20. What is the remainder when 15 is divided by y?
3
Let f = -1 + 5. Suppose f*c = 4*a - 160, a - 90 = -a - 3*c. What is the remainder when a is divided by 15?
12
Let g = 49 + -65. Let l(u) = -u**2 + 3*u - 1. Let c be l(3). Calculate the remainder when 5 is divided by (c/(-2))/((-4)/g).
1
Let t be -1 - -14 - (4 + -4). Suppose t = -a - 14. Let h = a + 57. Calculate the remainder when h is divided by 16.
14
Suppose -6*r - 6 + 294 = 0. What is the remainder when r is divided by 7?
6
Let x(p) = 3*p**2 - 3*p + 4. Suppose -2*f - 14 = -4*v, -2*f + 3*v = 7*v + 6. What is the remainder when x(f) is divided by 24?
22
Let y = 22 - 12. Let v = 37 + -18. Calculate the remainder when v is divided by y.
9
Let l = -23 - -60. Suppose 0 = -x - 4 + l. Calculate the remainder when x is divided by 7.
5
Let a = -4 - -2. Let q = 5 + a. Suppose 3*h + i - 50 = h, q*h - 65 = i. Calculate the remainder when 68 is divided by h.
22
Calculate the remainder when 62 is divided by 5/(-35) - (-675)/21.
30
Suppose 2*i - 137 = i. Calculate the remainder when i is divided by 47.
43
Let o be -1*(3 + -1) + -6. Let d(m) = -m**2 - 11*m - 10. What is the remainder when d(o) is divided by (-4)/(((-9)/3)/6)?
6
Let t(k) = -k + 11. Let p be t(8). Suppose d - 16 = -2*g + 21, d - p*g = 12. What is the remainder when d is divided by 14?
13
Let p(k) = k**3 - 4*k**2 + k - 1. Let c(m) = -3*m + 1. Let h be c(-3). Calculate the remainder when -15*(3 + (-34)/h) is divided by p(4).
0
Let z be 5/2 - (-3)/6. Suppose 2*r + 26 = 2*t, -2*t - r = -t - z. Let q = t + -4. Calculate the remainder when 6 is divided by q.
2
Suppose 9*n - 5*n - 40 = 0. What is the remainder when 19 is divided by n?
9
Let s be ((-30)/(-4) + -2)*-2. Suppose 14 = -g - 5. Let y = s - g. Calculate the remainder when y is divided by 5.
3
Let x(t) = -2*t**3 + 1. Calculate the remainder when 3 is divided by x(-1).
0
Suppose -2*m - 4 = 2*a - 10, a = 3*m - 17. Calculate the remainder when 18 is divided by m.
3
Let l(v) = -v**3 - v**2 + v + 16. Suppose 0 = -b + 6*b + 3*t - 140, -3*t + 109 = 4*b. Calculate the remainder when b is divided by l(0).
15
Suppose -2*w - 2*q + 240 = 0, w - 105 = -3*q - q. What is the remainder when w is divided by 32?
29
Let r = 10 - 2. Let l(k) = k**3 - k**2 + 6*k - 7. Calculate the remainder when l(3) is divided by r.
5
Suppose 3*u + 3 = -0*y - 3*y, 0 = 2*u + y + 1. Suppose u = -8*k + 3*k + 3*r + 174, 2*k = 5*r + 62. What is the remainder when k is divided by 13?
10
Let v(a) = a**3 + 3*a**2 + 3*a + 2. Let d be 3*(2/1)/2. What is the remainder when v(d) is divided by 22?
21
What is the remainder when ((-24)/(-10))/((-8)/(-100)) is divided by 8?
6
Suppose 12 = 2*f + f. Let n(a) = -4 - 16*a + f. What is the remainder when 30 is divided by n(-1)?
14
Suppose -91 = -3*k + 29. Calculate the remainder when k is divided by 21.
19
Suppose -11*n + 15*n - 36 = 0. What is the remainder when n is divided by 3?
0
Let a be 24 - (0/(-1) - 1). Suppose 0 = 3*o - 83 - a. Calculate the remainder when o is divided by 19.
17
Let m(d) = -d**3 - 7*d**2 - 6*d + 4. Suppose -3*y = -4*y + 15. What is the remainder when y is divided by m(-6)?
3
Let c(o) = 2*o**3 + 3*o**3 + 1 + 9 - 6*o**3. Calculate the remainder when 28 is divided by c(0).
8
Let n = 4 - 0. Let w(s) = s**3 - 23*s**2 - 20*s - 87. What is the remainder when w(24) is divided by n?
1
Let k(p) = 2*p**2 + 2*p + 1. Calculate the remainder when k(2) is divided by 5.
3
Suppose -m + 12 = -35. Suppose -4*o + 64 = 4*g, -3*g = -6*o + 3*o - 48. What is the remainder when m is divided by g?
15
Calculate the remainder when 3/(-15)*(4 + -359) is divided by 18.
17
Suppose c = -z + 2*z + 26, 140 = 5*c + 5*z. Calculate the remainder when 78 is divided by c.
24
Suppose 1 = 2*t + 3. Let s(d) = 3*d**2 + 2*d + 1. Let b be s(t). Suppose 2*p + 0*p - 34 = 4*q, -3*q + 62 = b*p. What is the remainder when p is divided by 13?
12
Let p = -7 + 13. Let b(h) = h. Calculate the remainder when b(p) is divided by 4.
2
Let u(q) = 2*q. Let z be u(-2). Let h = z + 2. Calculate the remainder when -1*(h - -1) + 64 is divided by 22.
21
Let f(c) = c**2 - 5*c + 6. Let g be f(4). Suppose 2*d + 96 = g*k - d, 2*d + 139 = 3*k. What is the remainder when k is divided by 23?
22
Let p = 31 + -12. Suppose -5*o = 0, -3*u - 2*o + 37 = 7. Calculate the remainder when p is divided by u.
9
Let l = -58 - -84. What is the remainder when 77 is divided by l?
25
Let c(n) = -n**3 + 6*n**2 - 10*n + 12. Let i(a) = -3*a**3 + 17*a**2 - 30*a + 37. Let p(w) = -7*c(w) + 2*i(w). What is the remainder when 31 is divided by p(7)?
9
Suppose 0 = -6*c + c + k + 460, k = -4*c + 359. Calculate the remainder when c is divided by 31.
29
Let y(l) = l**2 + 1. Suppose 2*k - 12 - 2 = 0. What is the remaind